{"id":36,"date":"2023-09-08T18:13:56","date_gmt":"2023-09-08T16:13:56","guid":{"rendered":"http:\/\/www.officedusaubestre.notaires.fr\/?page_id=36"},"modified":"2023-09-09T12:34:19","modified_gmt":"2023-09-09T10:34:19","slug":"donnees-personnelles","status":"publish","type":"page","link":"https:\/\/www.officedusaubestre.notaires.fr\/index.php\/donnees-personnelles\/","title":{"rendered":"DONN\u00c9ES PERSONNELLES"},"content":{"rendered":"\n<h1 class=\"wp-block-heading\"><\/h1>\n\n\n\n<p><strong>Politique Protection des donn\u00e9es personnelles<\/strong><\/p>\n\n\n\n<p>Soucieuse du respect de votre vie priv\u00e9e, la protection des donn\u00e9es personnelles est l\u2019une de nos pr\u00e9occupations majeures.<\/p>\n\n\n\n<p>Aussi la pr\u00e9sente politique a pour objectif de vous fournir une information concise et pertinente concernant les traitements de donn\u00e9es personnelles effectu\u00e9s pour la mise en \u0153uvre du site internet : Prisme Office.<\/p>\n\n\n\n<p><strong>D\u00e9finitions<\/strong><\/p>\n\n\n\n<p><strong>Donn\u00e9es personnelles&nbsp;:<\/strong>&nbsp;toute information relative \u00e0 une personne identifi\u00e9e ou identifiable directement ou indirectement (ci-apr\u00e8s, \u00ab&nbsp;donn\u00e9es&nbsp;\u00bb ou \u00ab&nbsp;donn\u00e9es personnelles&nbsp;\u00bb).<\/p>\n\n\n\n<p><strong>Traitement de donn\u00e9es personnelles&nbsp;:&nbsp;<\/strong>toute op\u00e9ration portant sur des donn\u00e9es personnelles telles que la collecte, l\u2019enregistrement, l\u2019extraction, la modification, etc. (ci-apr\u00e8s, \u00ab&nbsp;traitement&nbsp;\u00bb ou \u00ab&nbsp;traitement de donn\u00e9es personnelles&nbsp;\u00bb<\/p>\n\n\n\n<p><strong>Personnes concern\u00e9es<\/strong>&nbsp;: toute personne physique dont les donn\u00e9es personnelles font l\u2019objet d\u2019un traitement (ci-apr\u00e8s, \u00ab&nbsp;vous&nbsp;\u00bb, \u00ab&nbsp;vos&nbsp;\u00bb ou \u00ab&nbsp;personnes concern\u00e9es&nbsp;\u00bb).<\/p>\n\n\n\n<p><strong>Responsable de traitement&nbsp;:&nbsp;<\/strong>personne physique ou morale qui d\u00e9termine la finalit\u00e9 et les moyens du traitement.<strong><\/strong><\/p>\n\n\n\n<p><strong>D\u00e9l\u00e9gu\u00e9 \u00e0 la protection des Donn\u00e9es&nbsp;:&nbsp;<\/strong>personne d\u00e9sign\u00e9e par le responsable de traitement pour notamment contr\u00f4ler le respect de la r\u00e9glementation, \u00eatre le point de contact pour les questions relatives aux droits des personnes concern\u00e9es et coop\u00e9rer avec la Commission nationale de l&rsquo;informatique et des libert\u00e9s (CNIL).<\/p>\n\n\n\n<p>Cookies&nbsp;: fichier informatique (traceur) d\u00e9pos\u00e9 et lu notamment suite \u00e0 la consultation d\u2019un site internet, la lecture d\u2019un courrier \u00e9lectronique, l\u2019utilisation d\u2019une application ou d\u2019un logiciel, quel que soit le terminal utilis\u00e9.<\/p>\n\n\n\n<p><strong>Responsable de traitement<\/strong><\/p>\n\n\n\n<p>L\u2019Office notarial,<em>&nbsp;<\/em>responsable du traitement de donn\u00e9es personnelles relatif \u00e0 la communication externe au sens du R\u00e8glement (UE) 2016\/679 du 27 avril 2016, s\u2019engage \u00e0 mettre en \u0153uvre les mesures appropri\u00e9es afin de prot\u00e9ger vos donn\u00e9es personnelles.<\/p>\n\n\n\n<p><strong>Fondement et finalit\u00e9 des traitements de donn\u00e9es personnelles<\/strong><\/p>\n\n\n\n<p>Le traitement de donn\u00e9es personnelles est fond\u00e9 sur l\u2019int\u00e9r\u00eat l\u00e9gitime du responsable de traitement visant \u00e0 faciliter les \u00e9changes et assurer la communication aupr\u00e8s du grand public.<\/p>\n\n\n\n<p>Les donn\u00e9es personnelles vous concernant sont trait\u00e9es pour les finalit\u00e9s suivantes&nbsp;:<\/p>\n\n\n\n<ul class=\"wp-block-list\">\n<li>Assurer le bon fonctionnement et l\u2019am\u00e9lioration du site internet\/portail\/, des services et des fonctionnalit\u00e9s propos\u00e9s&nbsp;;<\/li>\n\n\n\n<li>Garantir la s\u00e9curit\u00e9 du site internet&nbsp;;<\/li>\n\n\n\n<li>Publier du contenu \u00e0 l\u2019attention du grand public.<\/li>\n\n\n\n<li>La fourniture du service en ligne relatif \u00e0 la gestion de la prise de contact<\/li>\n<\/ul>\n\n\n\n<p>Des services et\/ou des fonctionnalit\u00e9s compl\u00e9mentaires fond\u00e9s sur l\u2019ex\u00e9cution d\u2019un contrat (ou de mesures pr\u00e9contractuelles prises \u00e0 la demande de la personne concern\u00e9e) sont propos\u00e9s.<\/p>\n\n\n\n<p>Les traitements de donn\u00e9es mis en \u0153uvre \u00e0 cette occasion ont pour finalit\u00e9&nbsp;:<\/p>\n\n\n\n<ul class=\"wp-block-list\">\n<li>La gestion du service permettant d\u2019acc\u00e9der au paiement en ligne lorsque cette possibilit\u00e9 existe<\/li>\n<\/ul>\n\n\n\n<p><strong>Collecte et dur\u00e9es de conservation des donn\u00e9es personnelles<\/strong><\/p>\n\n\n\n<p>Conform\u00e9ment \u00e0 la r\u00e8glementation, seules les donn\u00e9es n\u00e9cessaires aux finalit\u00e9s pr\u00e9cit\u00e9es sont trait\u00e9es.<\/p>\n\n\n\n<p>Les donn\u00e9es collect\u00e9es sont conserv\u00e9es pour une dur\u00e9e limit\u00e9e et n\u00e9cessaire \u00e0 la r\u00e9alisation des finalit\u00e9s mentionn\u00e9es pr\u00e9c\u00e9demment. Il s\u2019agit, g\u00e9n\u00e9ralement, du temps n\u00e9cessaire au traitement de votre demande.<\/p>\n\n\n\n<p>Les informations de connexion n\u00e9cessaires notamment \u00e0 l\u2019am\u00e9lioration du site internet et au maintien d\u2019un niveau de s\u00e9curit\u00e9 appropri\u00e9 sont conserv\u00e9es jusqu\u2019\u00e0 12 mois apr\u00e8s la collecte.<\/p>\n\n\n\n<p>Les informations n\u00e9cessaires \u00e0 la gestion du service permettant d\u2019acc\u00e9der au paiement en ligne, lorsque cette fonctionnalit\u00e9 est disponible ne sont conserv\u00e9es que le temps de l\u2019appel technique \u00e0 ce service.<\/p>\n\n\n\n<p><strong>Destinataires des donn\u00e9es personnelles<\/strong><\/p>\n\n\n\n<p>Pour la r\u00e9alisation des finalit\u00e9s pr\u00e9cit\u00e9es, vos donn\u00e9es sont susceptibles d\u2019\u00eatre communiqu\u00e9es int\u00e9gralement ou en partie :<\/p>\n\n\n\n<ul class=\"wp-block-list\">\n<li>aux tiers l\u00e9galement habilit\u00e9s (ex : autorit\u00e9s de police dans le cadre des r\u00e9quisitions judiciaires);<\/li>\n\n\n\n<li>Aux sous-traitants en charge des prestations de conception, administration, de maintenance et d\u2019h\u00e9bergement<\/li>\n\n\n\n<li>Natixis pour mettre en relation l\u2019internaute avec leur espace de paiement en ligne, le cas \u00e9ch\u00e9ant.<\/li>\n<\/ul>\n\n\n\n<p><strong>Transfert des donn\u00e9es hors Union Europ\u00e9enne<\/strong><\/p>\n\n\n\n<p>Certains traitements sont susceptibles de faire l\u2019objet d\u2019un transfert de donn\u00e9es personnelles dans les pays dont le niveau de protection n\u2019est pas reconnu comme \u00e9quivalent par la Commission europ\u00e9enne. En absence de d\u00e9cision d\u2019ad\u00e9quation, ce transfert est encadr\u00e9 par des garanties adapt\u00e9es ou approuv\u00e9es par la Commission europ\u00e9enne.<\/p>\n\n\n\n<p><strong>S\u00e9curit\u00e9 des donn\u00e9es personnelles<\/strong><\/p>\n\n\n\n<p>Le Responsable de traitement s\u2019engage \u00e0 garantir la confidentialit\u00e9 et la s\u00e9curit\u00e9 des donn\u00e9es personnelles trait\u00e9es. Il veille \u00e9galement \u00e0 l\u2019engagement des sous-traitants pour assurer la mise en \u0153uvre de mesures techniques et organisationnelles afin de vous garantir un niveau de s\u00e9curit\u00e9 appropri\u00e9.<\/p>\n\n\n\n<p><strong>Vos droits<\/strong><\/p>\n\n\n\n<p>Conform\u00e9ment \u00e0 la r\u00e9glementation, vous pouvez acc\u00e9der aux donn\u00e9es vous concernant. Le cas \u00e9ch\u00e9ant, vous pouvez demander la rectification ou l\u2019effacement de celles-ci, obtenir la limitation du traitement de ces donn\u00e9es ou vous y opposer pour des raisons tenant \u00e0 votre situation particuli\u00e8re. Vous pouvez \u00e9galement d\u00e9finir des directives relatives \u00e0 la conservation, \u00e0 l\u2019effacement et \u00e0 la communication de vos donn\u00e9es personnelles apr\u00e8s votre d\u00e9c\u00e8s.<\/p>\n\n\n\n<p><\/p>\n","protected":false},"excerpt":{"rendered":"<p>Politique Protection des donn\u00e9es personnelles Soucieuse du respect de votre vie priv\u00e9e, la protection des donn\u00e9es personnelles est l\u2019une de nos pr\u00e9occupations majeures. Aussi la pr\u00e9sente politique a pour objectif de vous fournir une information concise et pertinente concernant les traitements de donn\u00e9es personnelles effectu\u00e9s pour la mise en \u0153uvre du site internet : Prisme &hellip;<\/p>\n<p class=\"read-more\"> <a class=\"\" href=\"https:\/\/www.officedusaubestre.notaires.fr\/index.php\/donnees-personnelles\/\"> <span class=\"screen-reader-text\">DONN\u00c9ES PERSONNELLES<\/span> Lire la suite\u00a0\u00bb<\/a><\/p>\n","protected":false},"author":1,"featured_media":0,"parent":0,"menu_order":0,"comment_status":"closed","ping_status":"closed","template":"","meta":{"_uag_custom_page_level_css":"","site-sidebar-layout":"default","site-content-layout":"","ast-site-content-layout":"","site-content-style":"default","site-sidebar-style":"default","ast-global-header-display":"","ast-banner-title-visibility":"","ast-main-header-display":"","ast-hfb-above-header-display":"","ast-hfb-below-header-display":"","ast-hfb-mobile-header-display":"","site-post-title":"","ast-breadcrumbs-content":"","ast-featured-img":"","footer-sml-layout":"","theme-transparent-header-meta":"","adv-header-id-meta":"","stick-header-meta":"","header-above-stick-meta":"","header-main-stick-meta":"","header-below-stick-meta":"","astra-migrate-meta-layouts":"","footnotes":""},"class_list":["post-36","page","type-page","status-publish","hentry"],"uagb_featured_image_src":{"full":false,"thumbnail":false,"medium":false,"medium_large":false,"large":false,"1536x1536":false,"2048x2048":false},"uagb_author_info":{"display_name":"admin4551","author_link":"https:\/\/www.officedusaubestre.notaires.fr\/index.php\/author\/admin4551\/"},"uagb_comment_info":0,"uagb_excerpt":"Politique Protection des donn\u00e9es personnelles Soucieuse du respect de votre vie priv\u00e9e, la protection des donn\u00e9es personnelles est l\u2019une de nos pr\u00e9occupations majeures. Aussi la pr\u00e9sente politique a pour objectif de vous fournir une information concise et pertinente concernant les traitements de donn\u00e9es personnelles effectu\u00e9s pour la mise en \u0153uvre du site internet : Prisme\u2026","_links":{"self":[{"href":"https:\/\/www.officedusaubestre.notaires.fr\/index.php\/wp-json\/wp\/v2\/pages\/36","targetHints":{"allow":["GET"]}}],"collection":[{"href":"https:\/\/www.officedusaubestre.notaires.fr\/index.php\/wp-json\/wp\/v2\/pages"}],"about":[{"href":"https:\/\/www.officedusaubestre.notaires.fr\/index.php\/wp-json\/wp\/v2\/types\/page"}],"author":[{"embeddable":true,"href":"https:\/\/www.officedusaubestre.notaires.fr\/index.php\/wp-json\/wp\/v2\/users\/1"}],"replies":[{"embeddable":true,"href":"https:\/\/www.officedusaubestre.notaires.fr\/index.php\/wp-json\/wp\/v2\/comments?post=36"}],"version-history":[{"count":2,"href":"https:\/\/www.officedusaubestre.notaires.fr\/index.php\/wp-json\/wp\/v2\/pages\/36\/revisions"}],"predecessor-version":[{"id":60,"href":"https:\/\/www.officedusaubestre.notaires.fr\/index.php\/wp-json\/wp\/v2\/pages\/36\/revisions\/60"}],"wp:attachment":[{"href":"https:\/\/www.officedusaubestre.notaires.fr\/index.php\/wp-json\/wp\/v2\/media?parent=36"}],"curies":[{"name":"wp","href":"https:\/\/api.w.org\/{rel}","templated":true}]}}